. Let b(k) = -2*k**3 - 4*k**2 - 2*k + 6. Let m be b(g). Calculate the highest common factor of m and 110.
10
Let o = 9306 - 9260. What is the highest common divisor of o and 184?
46
Let z be ((-3978)/442)/((-1)/13). Let r be (-1 + (-9)/(-6))*26. What is the highest common factor of z and r?
13
Suppose -u + 5*u = 3*v - 247, u + 4 = 0. What is the highest common factor of 11 and v?
11
Suppose -19*x - 12 = -23*x. Let i be 1/((-78)/27 + x). Let d(n) = -n**3 - 8*n**2 - 15*n - 17. Let p be d(-6). What is the highest common divisor of p and i?
1
Let o = 25 - 20. Suppose -52 = o*a - 12. Let u = a + 27. Calculate the highest common divisor of u and 19.
19
Let t be (2 + -21)/((-4428)/(-342) - 13). What is the greatest common factor of t and 133?
19
Let z(y) = -y**3 - 6*y**2 - 6*y + 5. Let c be z(-6). Let v = 3296 + -3311. Let l = c + v. Calculate the greatest common divisor of 13 and l.
13
Let v = 3 - -2. Suppose 1044 = 2*r - 0*d - 4*d, 0 = -2*r - v*d + 999. What is the greatest common factor of r and 16?
16
Let o be (-5)/10 + (-24465)/(-14) + -4. Calculate the highest common factor of o and 84.
21
Let v = 2504 - 2491. Let x = 2 + -2. Suppose -r - 4 + 17 = x. Calculate the greatest common divisor of r and v.
13
Let w(x) = -x**2 + 13*x + 120. Let h be w(18). Suppose -7*z + 12*z - h = 0. What is the greatest common factor of 96 and z?
6
Let q be ((-615)/75 + 7)/(3/(-15)). Suppose 2*z - 3*t = -0*z - 2, 0 = -4*z + 4*t. Calculate the highest common factor of q and z.
2
Suppose 2892 - 7751 = -41*u + 9122. Calculate the greatest common factor of 589 and u.
31
Suppose -5*u + 3*d + 10 = -9, -3*u - 2*d = 0. Suppose -3*b + 34 = u*i - 3*i, 2*b - 17 = -5*i. What is the greatest common factor of b and 407?
11
Suppose 0 = -128*x + 21844 - 2900. Let a(u) = 4*u**3 + u**2 - u. Let j be a(1). Calculate the highest common factor of j and x.
4
Let y be 66*(-5)/15*-1. Let l = 92 - y. Suppose 0 = 4*j - 8*j + 56. What is the greatest common factor of l and j?
14
Suppose 239 = 5*k + 2*p + 25, -4*p = 12. Let a be ((-12)/(-15))/((-46)/(-1265)). Calculate the greatest common divisor of a and k.
22
Let y be 84/126 - ((-158)/(-3) + 2). Let t be -5 - 9/(y/3000). Calculate the highest common divisor of 66 and t.
33
Let l(n) = -n**3 + 2*n**2 + 2*n + 1. Let a be l(-1). Let k be 88/a + 0/6. Calculate the greatest common divisor of 8 and k.
4
Suppose -3*p = -w + 718, -7*w - 2038*p + 2043*p + 5266 = 0. Let d = 120 - 11. Calculate the highest common divisor of d and w.
109
Let w(d) = -12563*d - 8782. Let o be w(-5). Calculate the greatest common divisor of o and 249.
249
Let b = -19 + -6. Let j = b - -88. Suppose 5*k - 37 = -3*s - 0*k, 0 = -5*s + 4*k + 37. Calculate the highest common factor of j and s.
9
Let y(q) = 153*q - 103*q**2 - 139*q + 91*q**2 - 21 + q**3. Let r be y(11). What is the highest common factor of r and 174?
6
Suppose 36*i - 150 = 11*i. Let u be (1/(-8)*i)/((-1)/108). What is the greatest common factor of u and 243?
81
Let i(p) = 8*p + 1. Let q be i(7). Suppose -2*x + 13*x + 53 = 119. What is the greatest common divisor of x and q?
3
Let t be 212/10*(-265)/(-106). Calculate the greatest common factor of t and 5989.
53
Let f(x) = -x**3 + 16*x**2 - 16*x + 57. Let y be f(15). Let r = -32 + y. Calculate the greatest common factor of 50 and r.
10
Suppose -5*h + 5*u + 740 = 0, 597 = 4*h - 0*h - 5*u. Let w = h - 133. Calculate the greatest common factor of 50 and w.
10
Let i be 2648/72 - 6/(-27). Suppose i*b - 21243 = 1845. What is the greatest common divisor of b and 78?
78
Suppose 3121*v - 3168*v = -9729. Calculate the greatest common divisor of 6141 and v.
69
Let c = 1563 - 760. Suppose -5*s + 2*p + p + 70 = 0, -3*s - 2*p + 23 = 0. Calculate the greatest common factor of c and s.
11
Suppose 5*r + 3*y = 387, 2*r + 9*y - 4*y = 132. Calculate the highest common factor of r and 4023.
27
Let h(i) = -2*i + 18. Let s be h(-26). What is the highest common factor of 56 and s?
14
Suppose -260*h - 228*h = -730048. Calculate the greatest common factor of 506 and h.
22
Let a be 28 - (1 + 2 + 1). Let j = 27 - a. Suppose 84 = j*t + t. Calculate the greatest common divisor of 21 and t.
21
Suppose -i = 5*p + 6, -4*i + p - 3*p = -30. Suppose 0*a + a = -d + i, d - 17 = 3*a. Suppose d*r - 10*r - 175 = 0. What is the greatest common factor of 7 and r?
7
Let n = 2 - 0. Suppose -5*f + c + 38 = 0, 12*f + c - 34 = 8*f. Suppose f*d = 6*d + n. What is the greatest common divisor of 9 and d?
1
Let w(d) = 17*d**3 - 4*d**2 - 106*d + 479. Let f be w(7). Calculate the highest common divisor of f and 51.
17
Suppose 709 = 5*v - 2*a, -12 = a - 5*a. Suppose 11 - v = -g. What is the greatest common divisor of 363 and g?
33
Suppose 0 = -31*i + 43 + 143. Let c(v) = 8*v**2 - 19*v - 9. Let f be c(i). What is the highest common factor of 30 and f?
15
Suppose 4834 = -5*q + 4*j, q - 4*j = -5*j - 974. Let p = -964 - q. Calculate the greatest common factor of p and 114.
6
Let c(b) be the third derivative of -b**4/24 + 43*b**3/2 - b**2 - 17. Let v be c(21). Calculate the highest common divisor of v and 81.
27
Let b = 10 + -1. Suppose b*z - 6*z = 345. Let p = 195 - z. What is the greatest common factor of p and 200?
40
Let v(c) = c + 1. Let w(x) = -15*x + 11. Let k(s) = -6*v(s) - w(s). Let b be (189/28)/(-9)*-4. Let n be k(b). Calculate the highest common divisor of n and 130.
10
Let y(p) = 79*p + 176. Let q(v) = 313*v + 702. Let l(w) = -2*q(w) + 9*y(w). Let f be l(12). What is the highest common factor of f and 60?
60
Suppose -7*n + 16528 + 2687 = 0. What is the highest common factor of 61 and n?
61
Let i(a) = 13*a**3 - 8*a**2 - 32*a + 90. Let y be i(3). Calculate the greatest common factor of y and 2301.
39
Let u be (-90)/((-12)/(-4) - (-33)/(-10)). What is the greatest common factor of 2250 and u?
150
Suppose 2*p - 4*b - 104 = 0, -6*b + 48 = p - 4*b. Let t be ((-2615)/p - 4/20)*-2. Calculate the greatest common factor of t and 30.
15
Let z be 80/(-14)*203/(-58). Let m be 564/z + 0 + (-2)/10. Calculate the highest common divisor of 35 and m.
7
Suppose 10299*o - 14586 = 10282*o. What is the greatest common factor of 286 and o?
286
Suppose 10*n + 6 = 11*n. Suppose n*a - 17*a + 22 = 0. Suppose 2*x + x = 4*l - 6, 5*l + 2*x - 19 = 0. What is the greatest common factor of a and l?
1
Let g be (64/112)/(-3 + 1684/560). Calculate the greatest common divisor of 32 and g.
16
Let f = -27 - -69. Let c be 228/(-7) + 24/f + 3. Let b = 6 - c. Calculate the highest common divisor of 10 and b.
5
Let p be (1/(-2))/(1/(-60)). Let w(y) = 55*y**2 + 18*y + 26. Let g be w(6). Suppose g + 1036 = 15*z. Calculate the highest common factor of p and z.
30
Suppose -17*m + 1315 - 295 = 0. Let c be (1 + 2)/(9/(-6)). Let x(k) = 4*k**2 + k + 1. Let p be x(c). Calculate the highest common divisor of m and p.
15
Let h be 6*(9/(-2) - -10). Calculate the highest common factor of h and 4917.
33
Suppose 0 = -5*v - 2*h + 210, -v - 76 = -4*h - 96. What is the greatest common factor of 380 and v?
20
Let a(o) = -2*o**2 + 8*o - 24. Let y be a(3). Let d be (-1652)/y - (110/(-9) + 12). Calculate the greatest common factor of 69 and d.
23
Suppose 31*o - 41*o + 159744 = 86*o. What is the highest common divisor of o and 13?
13
Suppose -1067*b = -1086*b + 43624. Calculate the greatest common factor of b and 112.
56
Suppose -1 + 46 = 3*a. Suppose -401 = -a*p + 2824. What is the greatest common divisor of p and 5?
5
Suppose -129004 + 31565 = -34*k + 194281. Calculate the highest common divisor of k and 15.
15
Suppose 5*n - 10*n = -10, 5*i = -3*n + 846. Calculate the highest common divisor of 57 and i.
3
Let x = 1634 - 1542. Calculate the greatest common factor of x and 4278.
46
Let y(a) = 23*a**2 - 2*a - 1. Let d = 4 + -5. Let p be y(d). Let b = 112 + -104. Calculate the greatest common factor of p and b.
8
Suppose 31 = 5*t - 4*a + 96, 0 = 2*t + 4*a + 26. Let r(w) = w**3 + 15*w**2 + 23*w - 10. Let h be r(t). What is the greatest common divisor of 145 and h?
29
Let g be (-28)/(-490)*42*(-30)/(-4). Let d = 4 - 0. Let f be (2/d)/((-7)/(-28)). What is the highest common factor of f and g?
2
Suppose -365 = -5*a - 350. Suppose -a*p + 55 = 4*i, 4*i - 99 + 10 = -5*p. Calculate the highest common divisor of 17 and p.
17
Let p = 368 + -360. Suppose 8*c - p = 24. What is the grea